{"id":27,"date":"2017-10-17T21:31:17","date_gmt":"2017-10-17T21:31:17","guid":{"rendered":"http:\/\/stds-records.de\/?page_id=27"},"modified":"2017-10-17T21:31:17","modified_gmt":"2017-10-17T21:31:17","slug":"unser-equipment","status":"publish","type":"page","link":"https:\/\/stds-records.de\/index.php\/unser-equipment\/","title":{"rendered":"Unser Equipment"},"content":{"rendered":"\t\t<div data-elementor-type=\"wp-post\" data-elementor-id=\"27\" class=\"elementor elementor-27 elementor-bc-flex-widget\">\n\t\t\t\t\t\t<section class=\"elementor-section elementor-top-section elementor-element elementor-element-0sy8v8i elementor-section-boxed elementor-section-height-default elementor-section-height-default\" data-id=\"0sy8v8i\" data-element_type=\"section\">\n\t\t\t\t\t\t<div class=\"elementor-container elementor-column-gap-default\">\n\t\t\t\t\t<div class=\"elementor-column elementor-col-100 elementor-top-column elementor-element elementor-element-cv1jqg4\" data-id=\"cv1jqg4\" data-element_type=\"column\">\n\t\t\t<div class=\"elementor-widget-wrap elementor-element-populated\">\n\t\t\t\t\t\t<div class=\"elementor-element elementor-element-ntrl0pe elementor-widget elementor-widget-text-editor\" data-id=\"ntrl0pe\" data-element_type=\"widget\" data-widget_type=\"text-editor.default\">\n\t\t\t\t<div class=\"elementor-widget-container\">\n\t\t\t\t\t\t\t\t\t<p align=\"center\"><strong><em>Wir Arbeiten f\u00fcr Sie mit Professional Epuipment!<\/em><\/strong><\/p><p><br \/><span class=\"textnorm\"><strong>F\u00fcr Ihre Veranstaltungen halten wir verschiedene Tonanlagen bereit. Insgesamt stehen bis zu 3,5KW Leistung zur Verf\u00fcgung. Um Ihr Event ins richtige Licht zusetzen halten wir eine Lichtanlage mit bis zu 9,6KW konventionell Scheinwerfern bereit. Au\u00dferdem verf\u00fcgen wir \u00fcber zahlreiche moderne LED Lichteffekte um eine entsprechend abwechslungsreiche Atmosph\u00e4re zu schaffen.<\/strong><\/span><\/p>\t\t\t\t\t\t\t\t<\/div>\n\t\t\t\t<\/div>\n\t\t\t\t\t<\/div>\n\t\t<\/div>\n\t\t\t\t\t<\/div>\n\t\t<\/section>\n\t\t\t\t<\/div>\n\t\t","protected":false},"excerpt":{"rendered":"<p>Wir Arbeiten f\u00fcr Sie mit Professional Epuipment! F\u00fcr Ihre Veranstaltungen halten wir verschiedene Tonanlagen bereit. Insgesamt stehen bis zu 3,5KW Leistung zur Verf\u00fcgung. Um Ihr Event ins richtige Licht zusetzen halten wir eine Lichtanlage mit bis zu 9,6KW konventionell Scheinwerfern bereit. Au\u00dferdem verf\u00fcgen wir \u00fcber zahlreiche moderne LED Lichteffekte um eine entsprechend abwechslungsreiche Atmosph\u00e4re zu [&hellip;]<\/p>\n","protected":false},"author":1,"featured_media":0,"parent":0,"menu_order":0,"comment_status":"closed","ping_status":"closed","template":"","meta":{"_et_pb_use_builder":"","_et_pb_old_content":"","_et_gb_content_width":"","footnotes":""},"class_list":["post-27","page","type-page","status-publish","hentry"],"_links":{"self":[{"href":"https:\/\/stds-records.de\/index.php\/wp-json\/wp\/v2\/pages\/27","targetHints":{"allow":["GET"]}}],"collection":[{"href":"https:\/\/stds-records.de\/index.php\/wp-json\/wp\/v2\/pages"}],"about":[{"href":"https:\/\/stds-records.de\/index.php\/wp-json\/wp\/v2\/types\/page"}],"author":[{"embeddable":true,"href":"https:\/\/stds-records.de\/index.php\/wp-json\/wp\/v2\/users\/1"}],"replies":[{"embeddable":true,"href":"https:\/\/stds-records.de\/index.php\/wp-json\/wp\/v2\/comments?post=27"}],"version-history":[{"count":2,"href":"https:\/\/stds-records.de\/index.php\/wp-json\/wp\/v2\/pages\/27\/revisions"}],"predecessor-version":[{"id":29,"href":"https:\/\/stds-records.de\/index.php\/wp-json\/wp\/v2\/pages\/27\/revisions\/29"}],"wp:attachment":[{"href":"https:\/\/stds-records.de\/index.php\/wp-json\/wp\/v2\/media?parent=27"}],"curies":[{"name":"wp","href":"https:\/\/api.w.org\/{rel}","templated":true}]}}