{"id":21,"date":"2017-10-17T21:27:12","date_gmt":"2017-10-17T21:27:12","guid":{"rendered":"http:\/\/stds-records.de\/?page_id=21"},"modified":"2017-10-17T21:27:12","modified_gmt":"2017-10-17T21:27:12","slug":"unser-repertoire","status":"publish","type":"page","link":"https:\/\/stds-records.de\/index.php\/unser-repertoire\/","title":{"rendered":"Unser Repertoire"},"content":{"rendered":"\t\t<div data-elementor-type=\"wp-post\" data-elementor-id=\"21\" class=\"elementor elementor-21 elementor-bc-flex-widget\">\n\t\t\t\t\t\t<section class=\"elementor-section elementor-top-section elementor-element elementor-element-lpcwgv1 elementor-section-boxed elementor-section-height-default elementor-section-height-default\" data-id=\"lpcwgv1\" data-element_type=\"section\">\n\t\t\t\t\t\t<div class=\"elementor-container elementor-column-gap-default\">\n\t\t\t\t\t<div class=\"elementor-column elementor-col-100 elementor-top-column elementor-element elementor-element-9f2myxw\" data-id=\"9f2myxw\" data-element_type=\"column\">\n\t\t\t<div class=\"elementor-widget-wrap elementor-element-populated\">\n\t\t\t\t\t\t<div class=\"elementor-element elementor-element-oq2jhg5 elementor-widget elementor-widget-text-editor\" data-id=\"oq2jhg5\" data-element_type=\"widget\" data-widget_type=\"text-editor.default\">\n\t\t\t\t<div class=\"elementor-widget-container\">\n\t\t\t\t\t\t\t\t\t<p>Unser Repertoire reicht von Schlagern, Discofox, Country, Rock, Pop, Partyhits, NDW, Oldies, 80er, 90er bis hin zu aktuellen Charthits. Immer speziell auf die Art Ihrer Veranstaltung und die W\u00fcnsche Ihrer G\u00e4ste abgestimmt.<\/p><p>Ihre Veranstaltung ist bei uns in den richtigen H\u00e4nden, ob Geburtstagsfeier im kleineren Rahmen oder Firmenfest im Saal bis hin zu gro\u00dfen Zelt oder Open Air Veranstaltungen, wird auch die Technik passend auf die Gr\u00f6\u00dfe des Veranstaltungsortes zugeschnitten.<\/p><p>Als geschulter Moderator stehen wir Ihnen auch f\u00fcr eine seri\u00f6se Produktpr\u00e4sentation oder z.B. die Moderation des Tages der offenen T\u00fcr in Ihrem Unternehmen zur Verf\u00fcgung.<\/p><p>Des weitern k\u00f6nnen wir Ihnen als &#8222;Laserschutzbeauftragter&#8220; zur Seite stehen! Fragen Sie uns!<\/p>\t\t\t\t\t\t\t\t<\/div>\n\t\t\t\t<\/div>\n\t\t\t\t\t<\/div>\n\t\t<\/div>\n\t\t\t\t\t<\/div>\n\t\t<\/section>\n\t\t\t\t<\/div>\n\t\t","protected":false},"excerpt":{"rendered":"<p>Unser Repertoire reicht von Schlagern, Discofox, Country, Rock, Pop, Partyhits, NDW, Oldies, 80er, 90er bis hin zu aktuellen Charthits. Immer speziell auf die Art Ihrer Veranstaltung und die W\u00fcnsche Ihrer G\u00e4ste abgestimmt. Ihre Veranstaltung ist bei uns in den richtigen H\u00e4nden, ob Geburtstagsfeier im kleineren Rahmen oder Firmenfest im Saal bis hin zu gro\u00dfen Zelt [&hellip;]<\/p>\n","protected":false},"author":1,"featured_media":0,"parent":0,"menu_order":0,"comment_status":"closed","ping_status":"closed","template":"","meta":{"_et_pb_use_builder":"","_et_pb_old_content":"","_et_gb_content_width":"","footnotes":""},"class_list":["post-21","page","type-page","status-publish","hentry"],"_links":{"self":[{"href":"https:\/\/stds-records.de\/index.php\/wp-json\/wp\/v2\/pages\/21","targetHints":{"allow":["GET"]}}],"collection":[{"href":"https:\/\/stds-records.de\/index.php\/wp-json\/wp\/v2\/pages"}],"about":[{"href":"https:\/\/stds-records.de\/index.php\/wp-json\/wp\/v2\/types\/page"}],"author":[{"embeddable":true,"href":"https:\/\/stds-records.de\/index.php\/wp-json\/wp\/v2\/users\/1"}],"replies":[{"embeddable":true,"href":"https:\/\/stds-records.de\/index.php\/wp-json\/wp\/v2\/comments?post=21"}],"version-history":[{"count":2,"href":"https:\/\/stds-records.de\/index.php\/wp-json\/wp\/v2\/pages\/21\/revisions"}],"predecessor-version":[{"id":23,"href":"https:\/\/stds-records.de\/index.php\/wp-json\/wp\/v2\/pages\/21\/revisions\/23"}],"wp:attachment":[{"href":"https:\/\/stds-records.de\/index.php\/wp-json\/wp\/v2\/media?parent=21"}],"curies":[{"name":"wp","href":"https:\/\/api.w.org\/{rel}","templated":true}]}}